150 a multiple of 127?
False
Is 714047 a multiple of 19?
False
Is 221 a factor of 52646?
False
Does 10 divide 411210?
True
Does 515 divide 2600964?
False
Does 9 divide 172845?
True
Is 7 a factor of 288533?
True
Is 824 a factor of 19958?
False
Is 85 a factor of 332380?
False
Is 1823079 a multiple of 45?
False
Is 9 a factor of 43580?
False
Is 108 a factor of 40058?
False
Is 431355 a multiple of 149?
True
Is 305831 a multiple of 7?
False
Is 62617 a multiple of 19?
False
Does 9 divide 282492?
True
Is 19731516 a multiple of 147?
True
Is 360 a factor of 121680?
True
Is 134640 a multiple of 30?
True
Does 58 divide 35764?
False
Is 19 a factor of 124941?
False
Is 19 a factor of 1414930?
True
Is 593 a factor of 269222?
True
Is 79 a factor of 5847027?
True
Is 54 a factor of 174852?
True
Is 147 a factor of 138033?
True
Is 743506 a multiple of 207?
False
Does 43 divide 19732356?
True
Is 22 a factor of 450516?
True
Does 8 divide 4137320?
True
Is 213 a factor of 329937?
True
Does 1438 divide 2522314?
False
Does 164 divide 1635080?
True
Does 75 divide 708825?
True
Is 2276761 a multiple of 21?
False
Is 63 a factor of 691867?
False
Does 3 divide 35805?
True
Is 45 a factor of 69885?
True
Does 20 divide 1034060?
True
Is 1005832 a multiple of 472?
True
Is 60243 a multiple of 3?
True
Does 362 divide 4043367?
False
Is 12 a factor of 45436?
False
Is 178638 a multiple of 38?
True
Is 2 a factor of 163134?
True
Is 109851 a multiple of 68?
False
Is 1928826 a multiple of 505?
False
Is 16576822 a multiple of 460?
False
Does 489 divide 341322?
True
Is 81954 a multiple of 2?
True
Does 11 divide 540100?
True
Is 9 a factor of 1194042?
False
Does 45 divide 4761584?
False
Does 3 divide 120042?
True
Is 3109767 a multiple of 445?
False
Is 258 a factor of 222912?
True
Is 116186 a multiple of 193?
True
Is 20 a factor of 192940?
True
Does 9 divide 61101?
True
Is 1887004 a multiple of 14?
True
Is 474 a factor of 1558912?
False
Is 38 a factor of 3948314?
True
Is 3 a factor of 54408?
True
Is 50 a factor of 10913925?
False
Is 1040434 a multiple of 10?
False
Is 3 a factor of 2618492?
False
Is 190 a factor of 491150?
True
Is 624 a factor of 2147664?
False
Is 62051 a multiple of 4?
False
Is 667 a factor of 2241512?
False
Is 450886 a multiple of 34?
False
Is 715 a factor of 7174310?
True
Is 9939325 a multiple of 275?
True
Does 202 divide 447757?
False
Is 244321 a multiple of 141?
False
Is 11 a factor of 1964745?
False
Is 368772 a multiple of 57?
False
Is 15033030 a multiple of 345?
True
Is 34300 a multiple of 12?
False
Is 10 a factor of 1193529?
False
Is 7 a factor of 16679154?
False
Is 154 a factor of 529786?
False
Is 196 a factor of 1100540?
True
Is 34 a factor of 2141354?
True
Does 65 divide 428480?
True
Is 633900 a multiple of 60?
True
Is 65 a factor of 945620?
True
Is 36917 a multiple of 2?
False
Does 61 divide 6360478?
False
Does 132 divide 423852?
True
Does 153 divide 29437?
False
Is 120 a factor of 965520?
True
Does 10 divide 1890365?
False
Does 813 divide 1983720?
True
Is 203 a factor of 146769?
True
Is 2550437 a multiple of 8?
False
Is 8 a factor of 6245436?
False
Does 13 divide 1422804?
False
Does 220 divide 8800?
True
Does 41 divide 71955?
True
Does 196 divide 221284?
True
Does 7 divide 74359?
False
Is 11405 a multiple of 5?
True
Is 74016 a multiple of 2?
True
Is 64 a factor of 1135936?
True
Is 175968 a multiple of 39?
True
Is 192811 a multiple of 62?
False
Does 76 divide 40052?
True
Does 97 divide 30051?
False
Is 211802 a multiple of 274?
True
Is 10910 even?
True
Is 795972 a multiple of 113?
True
Is 2689823 a multiple of 131?
True
Is 7 a factor of 466457?
False
Is 7 a factor of 82107?
False
Does 389 divide 293581?
False
Is 155 a factor of 2006320?
True
Does 7 divide 213353?
True
Does 20 divide 182953?
False
Does 602 divide 24391234?
True
Is 11590103 a multiple of 8?
False
Is 5968304 a multiple of 1062?
False
Is 1787100 a multiple of 12?
True
Is 484 a factor of 121862?
False
Is 24 a factor of 4521696?
True
Does 17 divide 462223?
False
Is 4 a factor of 2028?
True
Does 1462 divide 24845228?
True
Is 39364 a multiple of 7?
False
Does 21 divide 6579867?
True
Is 523 a factor of 2123380?
True
Is 179 a factor of 1156340?
True
Is 446911 a multiple of 2?
False
Is 2111208 a multiple of 121?
True
Is 81651 a multiple of 43?
False
Is 26 a factor of 822060?
False
Is 11619405 a multiple of 45?
True
Is 25 a factor of 18357375?
True
Is 2416129 a multiple of 376?
False
Is 50 a factor of 11824250?
True
Is 8 a factor of 12211891?
False
Is 63858 a multiple of 11?
False
Is 326546 a multiple of 6?
False
Is 79805 a multiple of 17?
False
Is 31 a factor of 166005?
True
Is 3 a factor of 41163?
True
Does 17 divide 282236?
False
Is 3482985 a multiple of 11?
True
Is 124 a factor of 414932?
False
Is 63 a factor of 142821?
True
Is 48000 a multiple of 400?
True
Is 896 a multiple of 2?
True
Is 92 a factor of 2920800?
False
Is 21288 a multiple of 25?
False
Is 19295 a multiple of 85?
True
Is 15 a factor of 2907540?
True
Is 612420 a multiple of 519?
True
Is 467 a factor of 2106170?
True
Does 31 divide 338569?
False
Does 260 divide 12205960?
True
Does 20 divide 228280?
True
Is 210 a factor of 3110498?
False
Is 215544 a multiple of 28?
True
Is 500 a factor of 3001894?
False
Does 37 divide 2777213?
False
Is 28 a factor of 2100?
True
Does 10 divide 7834923?
False
Does 1066 divide 2553001?
False
Is 44 a factor of 499224?
True
Is 636443 a multiple of 23?
False
Does 28 divide 264293?
False
Does 6 divide 100716?
True
Does 10 divide 740000?
True
Is 59962 a multiple of 73?
False
Is 373041 a multiple of 23?
False
Is 140065 a multiple of 109?
True
Is 23632772 a multiple of 18?
False
Is 130025 a multiple of 35?
True
Is 7 a factor of 414589?
True
Is 64568 a multiple of 2?
True
Is 44 a factor of 292292?
True
Is 4829222 a multiple of 189?
False
Does 61 divide 286176?
False
Is 39156 a multiple of 104?
False
Is 13664104 a multiple of 15?
False
Is 156848 a multiple of 74?
False
Is 828768 a multiple of 267?
True
Does 66 divide 171402?
True
Is 6 a factor of 932214?
True
Does 63 divide 4973642?
False
Does 27 divide 4544459?
False
Is 44472 a multiple of 102?
True
Is 336 a factor of 539860?
False
Is 4 a factor of 77176?
True
Is 168734 a multiple of 288?
False
Is 974 a factor of 1903676?
False
Does 14 divide 61327?
False
Is 39330 a multiple of 18?
True
Is 245 a factor of 99619?
False
Does 2282 divide 13199088?
True
Does 21 divide 7705026?
True
Is 130 a factor of 3336060?
True
Does 91 divide 3185?
True
Does 12 divide 13003020?
True
Does 19 divide 319288?
False
Is 32 a factor of 5753664?
True
Is 18648 a multiple of 148?
True
Is 15310390 a multiple of 305?
True
Is 191105 a multiple of 37?
True
Does 108 divide 1059048?
True
Is 3 a factor of 548225?
False
Is 2030724 a multiple of 36?
True
Is 93 a factor of 264027?
True
Is 15 a factor of 422190?
True
Is 482703 a multiple of 231?
False
Is 3310 a multiple of 10?
True
Does 49 divide 16945?
False
Is 96759 a multiple of 9?
True
Is 31 a factor of 48465?
False
Is 9200 a multiple of 50?
True
Does 50 divide 147050?
True
Does 56 divide 19660872?
True
Does 108 divide 7789176?
True
Is 10 a factor of 3196120?
True
Is 334099 a multiple of 533?
False
Does 108 divide 10487986?
False
Is 137552 a multiple of 8?
True
Does 292 divide 1045877?
False
Does 11 divide 14003?
True
Is 303946 a multiple of 369?
False
Is 81778 a multiple of 15?
False
Does 457 divide 966098?
True
Is 520440 a multiple of 60?
True
Is 7545396 a multiple of 12?
True
Is 4 a factor of 27644?
True
Does 29 divide 43653?
False
Is 22 a factor of 13154856?
True
Does 253 divide 1281445?
True
Is 4 a factor of 41632?
True
Is 11 a factor of 436205?
True
Is 390164 a multiple of 206?
True
Does 105 divide 739410?
True
Is 685661 a multiple of 16?
False
Is 353 a factor of 364988?
False
Does 70 divide 134704?
False
Is 139389 a multiple of 125?
False
Is 487 a factor of 2328853?
False
Is 28997 a multiple of 10?
False
Does 58 divide 102602?
True
Does 12 divide 15456147?
False
Is 590643 a multiple of 31?
True
Does 3 divide 1743090?
True
Does 41 divide 258876?
False
Does 11 divide 1001711?
False
Does 433 divide 7349309?
True
Is 27 a factor of 137907?
False
Is 94 a factor of 7665284?
False
Is 50 a factor of 2463350?
True
Is 1490764 a multiple of 34?
True
Is 82128 a